6*u - 2. Let i be c(5). Let n = i + 20. List the prime factors of n.
2, 3
Suppose 4*f + 14 = 82. Suppose -5*w + 2 = -3. Suppose 2*r + w - f = 0. What are the prime factors of r?
2
Let y(i) = -i**2 - 7*i - 6. Let a be y(-5). Let w = a + 4. What are the prime factors of w?
2
What are the prime factors of (-7)/(-28) - 2/(-8)*479?
2, 3, 5
Let v(z) = -11*z**2 - 18*z + 18. Let m(r) = 2*r**2 + 3*r - 3. Let j(b) = 34*m(b) + 6*v(b). What are the prime factors of j(4)?
2, 7
Suppose -602 = -2*o - 172. What are the prime factors of o?
5, 43
Suppose 5*n = 2*n + 6. Let l be (n/3)/(3/45). Suppose d = -5*s - 3*d - l, -5*d - 23 = s. What are the prime factors of s?
2
Suppose -4*d = -2*d + 6, 0 = -3*b - d + 114. What are the prime factors of b?
3, 13
Let o be 2 - (0/(-1) - 4). Suppose -y = -3*p - 25, -2*y - p = -o*p - 46. List the prime factors of y.
13
Let l be 8/6 - (-4)/(-12). Let c be 30/8 - l/(-4). Suppose 0*f + q = f - c, 0 = 3*f + 2*q - 12. What are the prime factors of f?
2
Let b(m) = m - 4. Let c be b(-12). Let v = -7 - c. List the prime factors of v.
3
Let o be -2 + 1 - -3 - -42. List the prime factors of 3 + (0 - 3) + o.
2, 11
Suppose -3*f + 10 = 2*s, 3*f + 4*s - 12 = f. Suppose -3*o - 3 = -f*o. Let h = o + 15. List the prime factors of h.
2, 3
Let v(s) = 2*s**3 + s - 3. Let r(n) = 0 - n**2 - 3*n**3 + 4 - 2*n + 0 + 0. Let g(d) = 3*r(d) + 4*v(d). What are the prime factors of g(-3)?
2, 3
Let q be (-3 + 3)/(0 - -1). Let p be (6/(-2))/(1 + q). Let o = 6 + p. List the prime factors of o.
3
Suppose -3 = -3*x, -4*x + 83 = 5*g - x. What are the prime factors of g?
2
Let t be (-98)/4 - (-6)/12. What are the prime factors of 6/t - (-33)/4?
2
Suppose -2*q + 4*r + 2 = 0, q - 5*q - 4*r = -28. Suppose -q*f + 5 = -0*f. List the prime factors of (15/6 - f)*2.
3
Suppose 2*y - 5*k - 30 = 0, 5*y - 3*y - 4*k = 28. Let m(d) = d**3 - 11*d**2 + 10*d + 4. List the prime factors of m(y).
2
Let n = -130 + 424. What are the prime factors of n?
2, 3, 7
Let f(v) be the second derivative of -v**4/12 + 13*v**3/6 - 13*v**2/2 + 3*v. List the prime factors of f(11).
3
Let a be (-10)/(-3) + (-3)/9. What are the prime factors of ((-11)/3)/((-1)/a)?
11
List the prime factors of ((-3740)/(-15))/4 - 2/(-3).
3, 7
Suppose -d + 5*d = 3*v - 86, -v + 3*d + 22 = 0. Suppose 2*w + v - 4 = 0. Let s = w + 21. List the prime factors of s.
2, 3
Let y(c) = -5*c + 1. Let k be y(-1). What are the prime factors of 39/9 + (-2)/k?
2
Suppose 0 = 5*a - 408 + 3. What are the prime factors of a?
3
Suppose -9*h + 9 = -6*h. Suppose h*r = -4*t + 80, 0 = r + r + t - 55. List the prime factors of r.
2, 7
Suppose 2*c + 14 = 4. Let l be (-15)/(-3)*(-2)/c. Let d = 2 + l. List the prime factors of d.
2
Let g(f) = -f**2 - 11*f - 8. Suppose -2*r - 35 = -3*r. Suppose -b - 4*b - r = 0. What are the prime factors of g(b)?
2, 5
Let k be -1 - (-2 + -17 - 3). Let w be (-1)/4 - k/12. List the prime factors of (w - (-3 + -13)) + 0.
2, 7
Let x(q) = 2*q - 6. Let p be x(5). Suppose 5*c = p*l - 6, 6*l + 3*c + 11 = l. List the prime factors of 36/5 - l/(-5).
7
Let z(k) = 7*k**2 + 6*k - 19. What are the prime factors of z(7)?
2, 3, 61
Suppose 5*m - 22 = 138. Let v = -5 + m. List the prime factors of v.
3
Let i = -24 + 44. Suppose m + 4*p - i = 0, 4*m - 2*p - 9 = 17. What are the prime factors of m?
2
Let x(o) = -5*o - 9. List the prime factors of x(-7).
2, 13
Let t(s) = -13 + 25 - 2*s - s. What are the prime factors of t(-7)?
3, 11
Suppose -2*v = 3*h - 193, 3*v - 49 = -3*h + 248. List the prime factors of v.
2, 13
What are the prime factors of (14/5)/((9/375)/3)?
2, 5, 7
Let l(o) be the third derivative of o**4/6 - 2*o**3/3 - 3*o**2. What are the prime factors of l(3)?
2
Let q = 431 - 194. List the prime factors of q.
3, 79
Suppose 0 = 5*c + 4*a - 391, -4*a = 4*c + 228 - 544. List the prime factors of c.
3, 5
Suppose -4*g - 9 = -5*r, r + g - 1 = -r. Let u = r + -1. Suppose u*l = 5*l - 25. List the prime factors of l.
5
Suppose 4*k - 9 = k. Let p = 28 - 26. What are the prime factors of p + (-2 - (-6)/k)?
2
Let g(z) = -z + 2. Let v be g(2). Suppose 3*b - t + 4*t = 0, v = -2*b + 3*t + 20. List the prime factors of b.
2
Let i be (48/(-36))/((-4)/30). List the prime factors of (i/(-15))/(4/(-150)).
5
Let m(o) = o**3 - o**2 + 3*o - 2. Let d(p) = -p**2 + 4*p - 1. Let f be d(3). List the prime factors of m(f).
2
Suppose 5*a = -0*a. Suppose a = 5*o - o - 2*g - 20, o = -2*g + 5. List the prime factors of o.
5
What are the prime factors of (-3*2)/(2/(-9))?
3
Suppose 0 = -4*l + 6 - 26, -3*l - 253 = -2*n. List the prime factors of n.
7, 17
What are the prime factors of 10/4*(-574)/(-35)?
41
Let x be -2 + 3 + (-119)/(-7). Suppose s + 5 = x. List the prime factors of s.
13
Suppose -i + 9 = 2*i, -3*r - i + 231 = 0. What are the prime factors of r?
2, 19
List the prime factors of (-2 - (-12)/2) + 1.
5
Let t(f) = -7*f + 7. Let c(d) = -3*d + 3. Let n(g) = -5*c(g) + 2*t(g). Let y be 1/(-2)*-8 + 1. List the prime factors of n(y).
2
Let y = -5 - -9. Suppose 0 = 2*z - 2*u + 4, z + 2 = -0*u + y*u. What are the prime factors of -2*(2 - (-6)/z)?
2
Suppose 3*n - 24 = -5*w - 4, -w + 4 = -4*n. Suppose -2*d = -n*d. What are the prime factors of (-2 + 3 - -1) + d?
2
Let j(l) = 8*l - 2. Let c = -9 - -8. Let k be 1 + (-3)/3*c. What are the prime factors of j(k)?
2, 7
Suppose 2*l - 2*x - 216 = 0, 5*l + 2*x - 35 = 491. List the prime factors of l.
2, 53
Suppose o - 4*q = 30, 4*o + 0*q - 4*q - 120 = 0. List the prime factors of o.
2, 3, 5
Suppose -2*t + 23 = -m + 3*t, 5*m = -2*t + 20. Let l(q) = 4*q**2 - 2 + 3 - 3*q**2. List the prime factors of l(m).
5
Let i(y) = -y - 5. Let h be i(-6). Suppose h = -5*k + 6. Suppose 0*z - 65 = -5*d + 5*z, -k = z. List the prime factors of d.
2, 3
Let b = -58 + 205. List the prime factors of b.
3, 7
Let p be 1/4 + (-18)/8. List the prime factors of (p/4)/((-2)/72).
2, 3
Let y = -143 + 63. What are the prime factors of (-12)/(-10)*y/(-6)?
2
What are the prime factors of (-300)/(-78) + -4 - (-1694)/26?
5, 13
Let m be 2/8 + 1017/(-36). Let t = 7 - m. List the prime factors of t.
5, 7
Suppose 0 = 21*k - 18*k - 132. What are the prime factors of k?
2, 11
Let c be ((-4)/(-10))/((-2)/20). Let x = c - -15. What are the prime factors of x?
11
Let j = -126 - -240. List the prime factors of j.
2, 3, 19
Let u(x) = -x**3 - 3*x**2 - 3*x. Let y be u(-4). Suppose -17 - y = -3*b. Let r = b - 11. List the prime factors of r.
2
Let s(o) = 23*o - 12. Let y be s(-12). What are the prime factors of y/(-28) + (-6)/21?
2, 5
Let b be (-2)/7 - (-102)/14. Let m(q) = q**2 - 6*q + 3. Let r be m(b). Let f = -5 + r. List the prime factors of f.
5
Let z = -12 - -20. Let s(g) = -g**3 - 8*g**2 - 8*g + 9. Let r be s(-7). Let u = r - z. What are the prime factors of u?
2
Let s be (-6)/3*-2 + 0. Suppose 0 = -4*f + s*q + 16, 1 = 2*f - 4*q - 5. List the prime factors of f.
5
Let s(f) = f**3 - 2*f**2 - 2*f + 5. Let m be s(4). Suppose -u = -2*u + m. List the prime factors of u.
29
Let y(v) = v - 21. Let j be y(17). Suppose -2*l - 42 = -2*h + 5*h, 2*h - l + 21 = 0. What are the prime factors of h/(-8) - 46/j?
13
Let l be (-6)/(-2)*4/4. Suppose z + l*z = -2*s + 188, 4*s + 56 = z. Suppose -r + z = 3*k - 4*r, -4*r = 4*k - 88. List the prime factors of k.
19
Suppose -5*d + 2*d - r - 29 = 0, r + 45 = -5*d. Let h = 41 + d. Let a = -19 + h. List the prime factors of a.
2, 7
Let l(s) = 3*s**2 + 17*s + 61. List the prime factors of l(-9).
151
Let s = -1 - -3. Suppose -2*z - s*z = 0. Suppose -4*c = 5*f - 37, 0 = -z*c + 4*c + 3*f - 27. What are the prime factors of c?
3
Suppose 0 = -f + 2*f + 2. Let j be (-1)/(1 + f) - -44. Suppose -4*z - z = -j. What are the prime factors of z?
3
Let a(v) = -v - 7. Let n be a(-12). Let f be n - 0 - (4 - 1). Suppose 3*b - 53 = -4*x, -f*x - 2 + 0 = 0. What are the prime factors of b?
19
Let k = 51 + -73. Let p = 38 + k. List the prime factors of p.
2
Suppose v = -v - 2. Let s = v + 7. What are the prime factors of s?
2, 3
Let z(j) = -2*j + 2. Suppose -5*o - 15 = 2*g - 2, -4*o - 12 = 2*g. Let q(t) = t - 1. Let u(l) = o*z(l) - q(l). List the prime factors of u(6).
5
Suppose 4*i - i = -w + 140, 2*w - 274 = -4*i. What are the prime factors of w?
131
Let g(h) = -h**2 + 14*h + 5. Let a be g(14). Suppose 3*r - 36 = -2*v, -a*v + 72 = -v + 4*r. List the prim